9 is divided by 3397.
1228
What is the remainder when 14245316 is divided by 610?
596
Calculate the remainder when 911888518 is divided by 30.
28
Calculate the remainder when 6190 is divided by 2158.
1874
Calculate the remainder when 1783765 is divided by 1021.
78
Calculate the remainder when 1001234159 is divided by 4119.
4115
Calculate the remainder when 978073 is divided by 1160.
193
Calculate the remainder when 4001964 is divided by 800392.
4
What is the remainder when 392360 is divided by 638?
628
What is the remainder when 793069 is divided by 36?
25
What is the remainder when 6870796 is divided by 11?
9
Calculate the remainder when 1201923 is divided by 92.
35
What is the remainder when 4844400 is divided by 41?
4
Calculate the remainder when 3870731 is divided by 5376.
11
Calculate the remainder when 2559911 is divided by 50193.
68
What is the remainder when 4531896 is divided by 7251?
21
What is the remainder when 6619402 is divided by 16?
10
What is the remainder when 283081 is divided by 9?
4
What is the remainder when 25476305 is divided by 92?
33
Calculate the remainder when 500708 is divided by 1114.
522
What is the remainder when 4301739 is divided by 78212?
79
What is the remainder when 91393 is divided by 645?
448
Calculate the remainder when 969499 is divided by 10893.
22
Calculate the remainder when 125423730 is divided by 9353.
0
Calculate the remainder when 181047 is divided by 3496.
2751
Calculate the remainder when 10212530 is divided by 78.
68
Calculate the remainder when 179429 is divided by 3320.
149
Calculate the remainder when 236077 is divided by 759.
28
What is the remainder when 194869 is divided by 4887?
4276
What is the remainder when 862073 is divided by 2932?
65
Calculate the remainder when 286654 is divided by 4083.
844
Calculate the remainder when 2521757 is divided by 840574.
35
What is the remainder when 148680 is divided by 37163?
28
Calculate the remainder when 4107225 is divided by 135.
120
What is the remainder when 6604610 is divided by 181?
101
Calculate the remainder when 2915110 is divided by 91.
16
What is the remainder when 1844632 is divided by 17?
13
Calculate the remainder when 231545 is divided by 28903.
321
Calculate the remainder when 118072 is divided by 58960.
152
Calculate the remainder when 81355448 is divided by 93084.
32
Calculate the remainder when 31089321 is divided by 1813.
1810
What is the remainder when 126503 is divided by 1665?
1628
What is the remainder when 1323268 is divided by 8219?
9
Calculate the remainder when 573168 is divided by 143271.
84
Calculate the remainder when 12156 is divided by 1078.
298
Calculate the remainder when 504973 is divided by 168225.
298
Calculate the remainder when 589874 is divided by 2039.
603
What is the remainder when 1270 is divided by 792?
478
What is the remainder when 421902 is divided by 4267?
3736
What is the remainder when 232900 is divided by 58099?
504
Calculate the remainder when 310782 is divided by 12939.
246
Calculate the remainder when 828065 is divided by 828049.
16
What is the remainder when 24663520 is divided by 972?
964
Calculate the remainder when 55000425 is divided by 7857200.
25
What is the remainder when 34332043 is divided by 16?
11
Calculate the remainder when 649616 is divided by 159154.
13000
What is the remainder when 3129304 is divided by 5286?
5278
Calculate the remainder when 59396 is divided by 157.
50
What is the remainder when 704896 is divided by 22028?
0
Calculate the remainder when 26784 is divided by 13186.
412
Calculate the remainder when 255074 is divided by 72.
50
Calculate the remainder when 14975105 is divided by 31.
28
Calculate the remainder when 286606 is divided by 2605.
56
Calculate the remainder when 269912 is divided by 507.
188
Calculate the remainder when 284094006 is divided by 180.
6
What is the remainder when 478023 is divided by 47680?
1223
What is the remainder when 8187658 is divided by 3499?
3497
Calculate the remainder when 22573876 is divided by 7524621.
13
Calculate the remainder when 3049445 is divided by 435593.
294
What is the remainder when 909477213 is divided by 24?
21
Calculate the remainder when 913976 is divided by 482.
104
Calculate the remainder when 14144836 is divided by 832046.
54
What is the remainder when 4428595 is divided by 96?
19
Calculate the remainder when 1779542 is divided by 77.
72
What is the remainder when 2076065 is divided by 340?
25
What is the remainder when 3895824 is divided by 523?
520
Calculate the remainder when 7535188 is divided by 3767592.
4
Calculate the remainder when 3778908 is divided by 4395.
3603
Calculate the remainder when 1402486 is divided by 175309.
14
Calculate the remainder when 65754331 is divided by 4.
3
Calculate the remainder when 587934 is divided by 1606.
138
What is the remainder when 460255 is divided by 263?
5
Calculate the remainder when 3114728 is divided by 502.
320
What is the remainder when 69739 is divided by 2032?
651
Calculate the remainder when 463209 is divided by 115675.
509
Calculate the remainder when 8038147 is divided by 2009534.
11
Calculate the remainder when 14338477 is divided by 494430.
7
Calculate the remainder when 8306185 is divided by 126.
13
Calculate the remainder when 153575 is divided by 15321.
365
Calculate the remainder when 35904999 is divided by 1000.
999
What is the remainder when 139765 is divided by 12623?
912
Calculate the remainder when 374092 is divided by 2598.
2578
What is the remainder when 1527207 is divided by 460?
7
Calculate the remainder when 184109 is divided by 3415.
3114
What is the remainder when 1107968 is divided by 12449?
7
Calculate the remainder when 414752 is divided by 2765.
2
Calculate the remainder when 206546 is divided by 18775.
21
What is the remainder when 156435 is divided by 78060?
315
Calculate the remainder when 1682884 is divided by 76493.
38
What is the remainder when 19671169 is divided by 29229?
52
What is the remainder when 8796 is divided by 265?
51
Calculate the remainder when 125286 is divided by 925.
411
What is the remainder when 87612238 is divided by 224?
14
What is the remainder when 2622573 is divided by 153?
0
What is the remainder when 295629 is divided by 3213?
33
Calculate the remainder when 2706594 is divided by 386656.
2
What is the remainder when 503429 is divided by 1412?
757
Calculate the remainder when 588089 is divided by 1741.
1372
What is the remainder when 18989781 is divided by 33?
30
Calculate the remainder when 10222120 is divided by 1703684.
16
Calculate the remainder when 7755829 is divided by 491.
484
What is the remainder when 6698 is divided by 2445?
1808
Calculate the remainder when 948810719 is divided by 6.
5
Calculate the remainder when 211683 is divided by 238.
101
What is the remainder when 432609 is divided by 6407?
3340
Calculate the remainder when 3905756 is divided by 160.
156
Calculate the remainder when 172637 is divided by 517.
476
What is the remainder when 1169069475 is divided by 2228?
2227
What is the remainder when 56280 is divided by 8984?
2376
What is the remainder when 19292065 is divided by 94?
69
What is the remainder when 715480 is divided by 1251?
1159
Calculate the remainder when 11867367 is divided by 38.
5
Calculate the remainder when 5447025 is divided by 309.
282
What is the remainder when 230840 is divided by 685?
680
Calculate the remainder when 467085 is divided by 11677.
5
What is the remainder when 112178973 is divided by 17?
2
What is the remainder when 12105 is divided by 1126?
845
What is the remainder when 6531395 is divided by 1066?
13
Calculate the remainder when 546022 is divided by 181950.
172
What is the remainder when 499494 is divided by 99770?
644
Calculate the remainder when 45519786 is divided by 87.
81
What is the remainder when 3317165 is divided by 1149?
2
What is the remainder when 170550315 is divided by 585?
0
What is the remainder when 683739 is divided by 170933?
7
What is the remainder when 2397590 is divided by 342505?
55
What is the remainder when 1581300 is divided by 263548?
12
What is the remainder when 39410 is divided by 3556?
294
What is the remainder when 13792 is divided by 4243?
1063
What is the remainder when 491514 is divided by 64?
58
Calculat